11001001001 - 1011?
1000100010011000111110
In base 3, what is -1000212112222001 - -2?
-1000212112221222
In base 9, what is 1114661 + -221?
1114440
In base 5, what is 20141321424 - 3?
20141321421
In base 5, what is 243324233413 + 3?
243324233421
In base 15, what is -13c + -4d764?
-4d8a1
In base 2, what is 10011 + 101101011110000011010?
101101011110000101101
In base 8, what is 3371 - -2200?
5571
In base 4, what is 120310 + -1120110?
-333200
In base 5, what is 30040220 + 11?
30040231
In base 15, what is -1d2eddc + -5?
-1d2ede2
In base 3, what is -12122220 - 1002102012?
-1022002002
In base 8, what is 20020703 + 6?
20020711
In base 4, what is 13200 + 1021333101?
1022012301
In base 3, what is 1102 - 200002221012?
-200002212210
In base 4, what is 132003 - 22302111?
-22110102
In base 13, what is 15 - 3b2012?
-3b1cca
In base 15, what is 1 - a09d8de?
-a09d8dd
In base 3, what is 1000112 - 101121000?
-100120111
In base 16, what is 13bd54a + 5?
13bd54f
In base 14, what is 1b9 - -1554?
172d
In base 3, what is -10220201 + -1200021?
-12120222
In base 7, what is 354 + -65302411?
-65302024
In base 3, what is -12111002220201 + 12?
-12111002220112
In base 9, what is -1 - -183865?
183864
In base 9, what is 40113256 + 0?
40113256
In base 3, what is -122111100222221 - 0?
-122111100222221
In base 6, what is 13315 + -44052?
-30333
In base 12, what is -31 + -18a409?
-18a43a
In base 3, what is 2111122102 + 21212102?
2210111211
In base 11, what is 1a575 + 139?
1a703
In base 7, what is -32 - 34013166?
-34013231
In base 15, what is 19b5c + -73d?
1941e
In base 4, what is 2 - -1032302010130?
1032302010132
In base 11, what is -5 - -1a27094?
1a2708a
In base 5, what is 1224331 - -1120?
1231001
In base 4, what is -11103020032100 + -2?
-11103020032102
In base 10, what is -1852526 - -28?
-1852498
In base 2, what is -1001100001011011110 - 111?
-1001100001011100101
In base 4, what is 21 - -11020003122?
11020003203
In base 10, what is 130 + 793709?
793839
In base 5, what is -3440112 - 22?
-3440134
In base 7, what is 3 + -531150023?
-531150020
In base 6, what is -4534342 + 25011?
-4505331
In base 9, what is -37610 + 21?
-37578
In base 15, what is 16 + -2e235?
-2e21e
In base 16, what is 0 + 636166?
636166
In base 15, what is -61 - -47a1b?
479aa
In base 8, what is -1011 + -30656?
-31667
In base 12, what is -1ba821b - 45?
-1ba8264
In base 2, what is -100011001100110010101101 + -1?
-100011001100110010101110
In base 7, what is 524223142 + -2?
524223140
In base 4, what is 103312 + 322303?
1032221
In base 5, what is 10 - -10321043332?
10321043342
In base 14, what is 436a99 - -3?
436a9c
In base 11, what is 64560 + 51?
64601
In base 11, what is -66 - 63093?
-63149
In base 4, what is -1 - -11131210023?
11131210022
In base 12, what is b97b28b + 5?
b97b294
In base 5, what is 1042022 + 1142?
1043214
In base 5, what is 10031433032 - -42?
10031433124
In base 3, what is 1120011000 + -221011?
1112012212
In base 4, what is -123132302 - -13202?
-123113100
In base 6, what is 4045 + -155554?
-151505
In base 10, what is 4232624 + -21?
4232603
In base 16, what is 144c584 - 9?
144c57b
In base 2, what is -11 + 1001000101011110111101011?
1001000101011110111101000
In base 9, what is -237673 + 764?
-236808
In base 4, what is -103 + 1122303201?
1122303032
In base 12, what is -1025 - -24a3?
147a
In base 16, what is 124 + -7e19?
-7cf5
In base 6, what is 310000553 + -2?
310000551
In base 2, what is -101010011111000001101 - 110?
-101010011111000010011
In base 16, what is -eb329f - -3?
-eb329c
In base 10, what is 335020 + -12?
335008
In base 3, what is -1210 + -20011200010012?
-20011200011222
In base 4, what is -13 + 3012003013?
3012003000
In base 9, what is 0 - 22270662?
-22270662
In base 12, what is -1b3 - -793a?
7747
In base 12, what is -22a060 - 464?
-22a504
In base 2, what is 101 - 1111011111001101111?
-1111011111001101010
In base 2, what is 10010100 - 111110101010111100100?
-111110101010101010000
In base 11, what is -41a186 - 6?
-41a191
In base 4, what is -201202 + 1000100?
132232
In base 8, what is -7133 + -45636?
-54771
In base 14, what is -bb5a47 - 6?
-bb5a4d
In base 9, what is 31884 - 2571?
28313
In base 8, what is 416405 - -222?
416627
In base 8, what is 36 + -71262206?
-71262150
In base 8, what is -270 - -44113?
43623
In base 4, what is 13001122310 + -301?
13001122003
In base 13, what is 11 + -4a436?
-4a425
In base 3, what is 1001201112000121 + -12?
1001201112000102
In base 7, what is 116054321 + -2?
116054316
In base 3, what is 22212212 + -10201212?
12011000
In base 6, what is -53 + 212200044?
212155551
In base 8, what is -5664 + -435745?
-443631
In base 5, what is 100034 + 4330?
104414
In base 15, what is 1 + 24ec04?
24ec05
In base 15, what is 66b - 616e4?
-61078
In base 14, what is 821 + -c0?
741
In base 10, what is -23960 - -144?
-23816
In base 7, what is -12260100 - -22?
-12260045
In base 15, what is 44 + -1419cca?
-1419c86
In base 11, what is 8242644 - 14?
8242630
In base 13, what is 1c51441 - -61?
1c514a2
In base 11, what is 2 - 474762?
-474760
In base 3, what is 10 + 21211001202111?
21211001202121
In base 8, what is -425204 - -6?
-425176
In base 5, what is 1232421 + -1202422?
24444
In base 6, what is 5540533040 - 11?
5540533025
In base 5, what is 3414144301 - 0?
3414144301
In base 12, what is -373092 + 13?
-37307b
In base 2, what is 1001010001110001101 - 10100000000?
1001001111010001101
In base 11, what is -157 - 139137a?
-1391526
In base 16, what is -94dc4 + -2?
-94dc6
In base 16, what is 1eb48 - 18d?
1e9bb
In base 2, what is 1001011111001011010 - 11?
1001011111001010111
In base 16, what is -2c2da + -8f?
-2c369
In base 4, what is -3 - 211330302130?
-211330302133
In base 4, what is 10 - -111032001331?
111032002001
In base 3, what is 12 - 221202112222000121?
-221202112222000102
In base 3, what is 11202110 - 11100010?
102100
In base 16, what is -140 + 12b4d?
12a0d
In base 15, what is -135c2 - -11d?
-134a4
In base 6, what is -533530530 + -2?
-533530532
In base 14, what is -380704 - -5?
-3806dd
In base 8, what is -56417 - -10757?
-45440
In base 12, what is -2ba6ba - -194?
-2ba526
In base 8, what is -151 - -1002716?
1002545
In base 2, what is 110011 - -1101110101100?
1101111011111
In base 5, what is -1413044 + 232?
-1412312
In base 16, what is -570f11 + -3d?
-570f4e
In base 13, what is 147b1631 + -2?
147b162c
In base 14, what is -5 - 13060d4?
-13060d9
In base 9, what is 6 + -1010875?
-1010868
In base 2, what is 1100100011010110010 + -1011?
1100100011010100111
In base 15, what is -1a + -47c59?
-47c74
In base 9, what is -6 - -117367137?
117367131
In base 7, what is -102 + -406101?
-406203
In base 7, what is 415 + 160610?
161325
In base 7, what is 1502 - -11313?
13115
In base 2, what is -11000100010110100 - 110111100111?
-11001011010011011
In base 2, what is 110101110000001 - -101110000100110?
1100011110100111
In base 16, what is -12 + 285a6?
28594
In base 5, what is -4103011140 + -2?
-4103011142
In base 6, what is -544005 + 1443?
-542122
In base 6, what is 15 + 314320525?
314320544
In base 9, what is -124120174 + 4?
-124120170
In base 9, what is 1505737 + 31?
1505768
In base 5, what is 104004 - 1312014?
-1203010
In base 15, what is 1c493a + -6?
1c4934
In base 3, what is 1 + -12211220110110?
-12211220110102
In base 16, what is -485d12 - 2?
-485d14
In base 11, what is -5 + aa534a44?
aa534a3a
In base 11, what is -12263 - 44?
-122a7
In base 7, what is -152 + -31445434?
-31445616
In base 7, what is 4054 - 410355?
-403301
In base 16, what is -f7ae65 - 4?
-f7ae69
In base 16, what is -7f6b - 7a2?
-870d
In base 2, what is 100000 - 1011000101101010?
-1011000101001010
In base 7, what is 0 - 332222553?
-332222553
In base 7, what is 16512552 + 3?
16512555
In base 5, what is 24043104212 + 2?
24043104214
In base 4, what is 1211020 - 113300?
1031120
In base 14, what is 305972 + -d?
305963
In base 2, what is 10 + -10011000101000000101100?
-10011000101000000101010
In base 13, what is -19515 + 35a?
-19188
In base 2, what is 1 - -101110001100010001110000?
101110001100010001110001
In base 5, what is 3 - -10104401320?
10104401323
In base 9, what is -52664 - 762?
-53536
In base 15, what is 1d01464 - -1?
1d01465
In base 16, what is 2c5e - 2bb0?
ae
In base 5, what is -200132210430 - 3?
-200132210433
In base 14, what is 5 - -